{"id":52,"date":"2022-05-12T12:13:12","date_gmt":"2022-05-12T12:13:12","guid":{"rendered":"http:\/\/noemiprimo.com\/?page_id=52"},"modified":"2024-06-19T09:19:06","modified_gmt":"2024-06-19T09:19:06","slug":"sobre-mi","status":"publish","type":"page","link":"https:\/\/noemiprimo.com\/index.php\/sobre-mi\/","title":{"rendered":"Sobre m\u00ed"},"content":{"rendered":"<p>[et_pb_section fb_built=\u00bb1&#8243; fullwidth=\u00bbon\u00bb _builder_version=\u00bb4.17.3&#8243; _module_preset=\u00bbdefault\u00bb background_image=\u00bbhttps:\/\/noemiprimo.com\/wp-content\/uploads\/2022\/05\/personal-stylist-48.png\u00bb background_size=\u00bbcontain\u00bb background_position=\u00bbcenter_right\u00bb min_height=\u00bb143px\u00bb height=\u00bb107px\u00bb max_height=\u00bb1000px\u00bb custom_margin=\u00bb-10px||||false|false\u00bb custom_padding=\u00bb0px||0px||false|false\u00bb top_divider_height=\u00bb87px\u00bb global_colors_info=\u00bb{}\u00bb][et_pb_fullwidth_post_title author=\u00bboff\u00bb comments=\u00bboff\u00bb featured_image=\u00bboff\u00bb _builder_version=\u00bb4.17.3&#8243; _module_preset=\u00bbdefault\u00bb title_font=\u00bbABeeZee|700|||||||\u00bb title_text_align=\u00bbcenter\u00bb title_font_size=\u00bb33px\u00bb title_letter_spacing=\u00bb16px\u00bb meta_text_align=\u00bbright\u00bb meta_font_size=\u00bb1px\u00bb background_image=\u00bbhttps:\/\/noemiprimo.com\/wp-content\/uploads\/2022\/05\/personal-stylist-45.png\u00bb text_orientation=\u00bbcenter\u00bb module_alignment=\u00bbcenter\u00bb max_height=\u00bb139px\u00bb custom_margin=\u00bb0px||0px||false|false\u00bb global_colors_info=\u00bb{}\u00bb][\/et_pb_fullwidth_post_title][\/et_pb_section][et_pb_section fb_built=\u00bb1&#8243; _builder_version=\u00bb4.17.3&#8243; _module_preset=\u00bbdefault\u00bb background_enable_image=\u00bboff\u00bb background_size=\u00bbcustom\u00bb background_image_width=\u00bb43%\u00bb background_image_height=\u00bb85%\u00bb background_position=\u00bbbottom_right\u00bb background_horizontal_offset=\u00bb100%\u00bb background_vertical_offset=\u00bb52%\u00bb global_colors_info=\u00bb{}\u00bb][et_pb_row column_structure=\u00bb2_5,3_5&#8243; _builder_version=\u00bb4.17.3&#8243; _module_preset=\u00bbdefault\u00bb global_colors_info=\u00bb{}\u00bb][et_pb_column type=\u00bb2_5&#8243; _builder_version=\u00bb4.17.3&#8243; _module_preset=\u00bbdefault\u00bb global_colors_info=\u00bb{}\u00bb][et_pb_image src=\u00bbhttps:\/\/noemiprimo.com\/wp-content\/uploads\/2024\/06\/sobre-mi.jpg\u00bb title_text=\u00bbsobre mi\u00bb _builder_version=\u00bb4.17.3&#8243; _module_preset=\u00bbdefault\u00bb hover_enabled=\u00bb0&#8243; global_colors_info=\u00bb{}\u00bb sticky_enabled=\u00bb0&#8243;][\/et_pb_image][et_pb_image src=\u00bbhttps:\/\/noemiprimo.com\/wp-content\/uploads\/2022\/05\/personal-stylist-45.png\u00bb title_text=\u00bbpersonal-stylist-45&#8243; _builder_version=\u00bb4.17.3&#8243; _module_preset=\u00bbdefault\u00bb global_colors_info=\u00bb{}\u00bb][\/et_pb_image][\/et_pb_column][et_pb_column type=\u00bb3_5&#8243; _builder_version=\u00bb4.17.3&#8243; _module_preset=\u00bbdefault\u00bb global_colors_info=\u00bb{}\u00bb][et_pb_text _builder_version=\u00bb4.17.3&#8243; _module_preset=\u00bbdefault\u00bb text_text_color=\u00bb#000000&#8243; global_colors_info=\u00bb{}\u00bb]<\/p>\n<p style=\"text-align: justify;\">Me llamo<strong>\u00a0Noem\u00ed Primo Albert<\/strong>.<\/p>\n<p style=\"text-align: justify;\">Nac\u00ed en Bilbao y actualmente resido en Barcelona. Psic\u00f3loga por la Universidad Oberta de Catalu\u00f1a (n\u00ba de colegiada: 26.197), m\u00fasico y musicoterapeuta y M\u00e1ster en Psicolog\u00eda Positiva y Mindfulness (con IEPP). Practico la psicolog\u00eda integrativa (creo en el potencial del ser humano, todo lo que necesitamos para alcanzar nuestros sue\u00f1os y desarrollo en todos los niveles esta dentro de nosotros mismos).<\/p>\n<ul style=\"text-align: justify;\">\n<li>Estoy formada en diversas t\u00e9cnicas de tercera generaci\u00f3n recogidas desde esta mirada Practitioner en PNL, Hipnosis, Terapia Gestalt, Terapia Estrat\u00e9gica Breve, Eneagrama, Bioneuroemoci\u00f3n, SHEC (Sincronizaci\u00f3n de Hemisferios Cerebrales), Master en Psicolog\u00eda Positiva y Mindfulness, etc.<\/li>\n<\/ul>\n<ul style=\"text-align: justify;\">\n<li>Soy creadora y directora de mi propio proyecto Yume, y de un m\u00e9todo de terapia de desarrollo personal (TCP), en honor a mi padre Carlos Primo.<\/li>\n<\/ul>\n<ul style=\"text-align: justify;\">\n<li>Coautora del libro \u201cLa armon\u00eda del orden\u201d y Autora del libro \u00abEl Quinteto de la Felicdad\u00bb.<\/li>\n<\/ul>\n<ul style=\"text-align: justify;\">\n<li>Soy m\u00fasico por el Conservatorio superior de Bilbao y Master en Musicoterapia por el (ISEP). La m\u00fasica, adem\u00e1s de ser mi gran pasi\u00f3n, la empleo como veh\u00edculo directo para trabajar \u00a0 y mover las emociones en el ser humano.<\/li>\n<\/ul>\n<ul style=\"text-align: justify;\">\n<li>He realizado varias formaciones en Terapia de Sonido, utilizando como recurso los cuencos tibetanos y diferentes instrumentos terap\u00e9uticos.<\/li>\n<\/ul>\n<ul style=\"text-align: justify;\">\n<li>Tambi\u00e9n soy especialista en Salud Emocional a trav\u00e9s de la alimentaci\u00f3n (Master en la ECAM). Potenciando los alimentos que nos ayudan a optimizar nuestro cerebro y nuestro bienestar emocional.<\/li>\n<\/ul>\n<ul style=\"text-align: justify;\">\n<li>Realizo conferencias y workshop, tanto de temas relacionados con el Quinteto de la Felicidad, Autoconocimiento con el Eneagrama, la Psicolog\u00eda Integrativa, la Musicoterapia y el Bienestar Integral.<\/li>\n<\/ul>\n<p style=\"text-align: justify;\"><strong>Estas son las cosas en las que me he formado pero no lo que me define como Ser Humano\u2026.<\/strong><\/p>\n<p>[\/et_pb_text][\/et_pb_column][\/et_pb_row][\/et_pb_section]<\/p>\n","protected":false},"excerpt":{"rendered":"<p>Me llamo\u00a0Noem\u00ed Primo Albert. Nac\u00ed en Bilbao y actualmente resido en Barcelona. Psic\u00f3loga por la Universidad Oberta de Catalu\u00f1a (n\u00ba de colegiada: 26.197), m\u00fasico y musicoterapeuta y M\u00e1ster en Psicolog\u00eda Positiva y Mindfulness (con IEPP). Practico la psicolog\u00eda integrativa (creo en el potencial del ser humano, todo lo que necesitamos para alcanzar nuestros sue\u00f1os y [&hellip;]<\/p>\n","protected":false},"author":1,"featured_media":0,"parent":0,"menu_order":0,"comment_status":"closed","ping_status":"closed","template":"","meta":{"_et_pb_use_builder":"on","_et_pb_old_content":"","_et_gb_content_width":"","footnotes":""},"class_list":["post-52","page","type-page","status-publish","hentry"],"_links":{"self":[{"href":"https:\/\/noemiprimo.com\/index.php\/wp-json\/wp\/v2\/pages\/52","targetHints":{"allow":["GET"]}}],"collection":[{"href":"https:\/\/noemiprimo.com\/index.php\/wp-json\/wp\/v2\/pages"}],"about":[{"href":"https:\/\/noemiprimo.com\/index.php\/wp-json\/wp\/v2\/types\/page"}],"author":[{"embeddable":true,"href":"https:\/\/noemiprimo.com\/index.php\/wp-json\/wp\/v2\/users\/1"}],"replies":[{"embeddable":true,"href":"https:\/\/noemiprimo.com\/index.php\/wp-json\/wp\/v2\/comments?post=52"}],"version-history":[{"count":31,"href":"https:\/\/noemiprimo.com\/index.php\/wp-json\/wp\/v2\/pages\/52\/revisions"}],"predecessor-version":[{"id":529,"href":"https:\/\/noemiprimo.com\/index.php\/wp-json\/wp\/v2\/pages\/52\/revisions\/529"}],"wp:attachment":[{"href":"https:\/\/noemiprimo.com\/index.php\/wp-json\/wp\/v2\/media?parent=52"}],"curies":[{"name":"wp","href":"https:\/\/api.w.org\/{rel}","templated":true}]}}

Sobre mí

<p>[et_pb_section fb_built=»1&#8243; fullwidth=»on» _builder_version=»4.17.3&#8243; _module_preset=»default» background_image=»https://noemiprimo.com/wp-content/uploads/2022/05/personal-stylist-48.png» background_size=»contain» background_position=»center_right» min_height=»143px» height=»107px» max_height=»1000px» custom_margin=»-10px||||false|false» custom_padding=»0px||0px||false|false» top_divider_height=»87px» global_colors_info=»{}»][et_pb_fullwidth_post_title author=»off» comments=»off» featured_image=»off» _builder_version=»4.17.3&#8243; _module_preset=»default» title_font=»ABeeZee|700|||||||» title_text_align=»center» title_font_size=»33px» title_letter_spacing=»16px» meta_text_align=»right» meta_font_size=»1px» background_image=»https://noemiprimo.com/wp-content/uploads/2022/05/personal-stylist-45.png» text_orientation=»center» module_alignment=»center» max_height=»139px» custom_margin=»0px||0px||false|false» global_colors_info=»{}»][/et_pb_fullwidth_post_title][/et_pb_section][et_pb_section fb_built=»1&#8243; _builder_version=»4.17.3&#8243; _module_preset=»default» background_enable_image=»off» background_size=»custom» background_image_width=»43%» background_image_height=»85%» background_position=»bottom_right» background_horizontal_offset=»100%» background_vertical_offset=»52%» global_colors_info=»{}»][et_pb_row column_structure=»2_5,3_5&#8243; _builder_version=»4.17.3&#8243; _module_preset=»default» global_colors_info=»{}»][et_pb_column type=»2_5&#8243; _builder_version=»4.17.3&#8243; _module_preset=»default» global_colors_info=»{}»][et_pb_image src=»https://noemiprimo.com/wp-content/uploads/2024/06/sobre-mi.jpg» title_text=»sobre mi» _builder_version=»4.17.3&#8243; _module_preset=»default» hover_enabled=»0&#8243; global_colors_info=»{}» sticky_enabled=»0&#8243;][/et_pb_image][et_pb_image src=»https://noemiprimo.com/wp-content/uploads/2022/05/personal-stylist-45.png» title_text=»personal-stylist-45&#8243; _builder_version=»4.17.3&#8243; _module_preset=»default» global_colors_info=»{}»][/et_pb_image][/et_pb_column][et_pb_column type=»3_5&#8243; _builder_version=»4.17.3&#8243; _module_preset=»default» global_colors_info=»{}»][et_pb_text _builder_version=»4.17.3&#8243; _module_preset=»default» text_text_color=»#000000&#8243; global_colors_info=»{}»]</p>
<p style="text-align: justify;">Me llamo<strong> Noemí Primo Albert</strong>.</p>
<p style="text-align: justify;">Nací en Bilbao y actualmente resido en Barcelona. Psicóloga por la Universidad Oberta de Cataluña (nº de colegiada: 26.197), músico y musicoterapeuta y Máster en Psicología Positiva y Mindfulness (con IEPP). Practico la psicología integrativa (creo en el potencial del ser humano, todo lo que necesitamos para alcanzar nuestros sueños y desarrollo en todos los niveles esta dentro de nosotros mismos).</p>
<ul style="text-align: justify;">
<li>Estoy formada en diversas técnicas de tercera generación recogidas desde esta mirada Practitioner en PNL, Hipnosis, Terapia Gestalt, Terapia Estratégica Breve, Eneagrama, Bioneuroemoción, SHEC (Sincronización de Hemisferios Cerebrales), Master en Psicología Positiva y Mindfulness, etc.</li>
</ul>
<ul style="text-align: justify;">
<li>Soy creadora y directora de mi propio proyecto Yume, y de un método de terapia de desarrollo personal (TCP), en honor a mi padre Carlos Primo.</li>
</ul>
<ul style="text-align: justify;">
<li>Coautora del libro “La armonía del orden” y Autora del libro «El Quinteto de la Felicdad».</li>
</ul>
<ul style="text-align: justify;">
<li>Soy músico por el Conservatorio superior de Bilbao y Master en Musicoterapia por el (ISEP). La música, además de ser mi gran pasión, la empleo como vehículo directo para trabajar   y mover las emociones en el ser humano.</li>
</ul>
<ul style="text-align: justify;">
<li>He realizado varias formaciones en Terapia de Sonido, utilizando como recurso los cuencos tibetanos y diferentes instrumentos terapéuticos.</li>
</ul>
<ul style="text-align: justify;">
<li>También soy especialista en Salud Emocional a través de la alimentación (Master en la ECAM). Potenciando los alimentos que nos ayudan a optimizar nuestro cerebro y nuestro bienestar emocional.</li>
</ul>
<ul style="text-align: justify;">
<li>Realizo conferencias y workshop, tanto de temas relacionados con el Quinteto de la Felicidad, Autoconocimiento con el Eneagrama, la Psicología Integrativa, la Musicoterapia y el Bienestar Integral.</li>
</ul>
<p style="text-align: justify;"><strong>Estas son las cosas en las que me he formado pero no lo que me define como Ser Humano….</strong></p>
<p>[/et_pb_text][/et_pb_column][/et_pb_row][/et_pb_section]</p>

<p>Me llamo Noemí Primo Albert. Nací en Bilbao y actualmente resido en Barcelona. Psicóloga por la Universidad Oberta de Cataluña (nº de colegiada: 26.197), músico y musicoterapeuta y Máster en Psicología Positiva y Mindfulness (con IEPP). Practico la psicología integrativa (creo en el potencial del ser humano, todo lo que necesitamos para alcanzar nuestros sueños y [&hellip;]</p>
