{"id":238,"date":"2022-06-14T16:01:25","date_gmt":"2022-06-14T16:01:25","guid":{"rendered":"http:\/\/noemiprimo.com\/index.php\/psicologia-positiva-copy-2-copy\/"},"modified":"2025-02-21T11:57:19","modified_gmt":"2025-02-21T11:57:19","slug":"workshop","status":"publish","type":"page","link":"https:\/\/noemiprimo.com\/index.php\/workshop\/","title":{"rendered":"WorkShop"},"content":{"rendered":"\n[et_pb_section fb_built=\u00bb1&#8243; _builder_version=\u00bb4.17.3&#8243; _module_preset=\u00bbdefault\u00bb background_image=\u00bbhttps:\/\/noemiprimo.com\/wp-content\/uploads\/2022\/06\/Formaciones.jpg\u00bb background_size=\u00bbcustom\u00bb background_image_width=\u00bb17%\u00bb background_image_height=\u00bb91%\u00bb background_position=\u00bbcenter_right\u00bb background_horizontal_offset=\u00bb22%\u00bb custom_padding=\u00bb||54px|||\u00bb global_colors_info=\u00bb{}\u00bb][et_pb_row _builder_version=\u00bb4.17.3&#8243; _module_preset=\u00bbdefault\u00bb global_colors_info=\u00bb{}\u00bb][et_pb_column type=\u00bb4_4&#8243; _builder_version=\u00bb4.17.3&#8243; _module_preset=\u00bbdefault\u00bb global_colors_info=\u00bb{}\u00bb][et_pb_post_title meta=\u00bboff\u00bb featured_image=\u00bboff\u00bb _builder_version=\u00bb4.17.3&#8243; _module_preset=\u00bbdefault\u00bb title_font=\u00bbABeeZee|700|||||||\u00bb title_font_size=\u00bb34px\u00bb global_colors_info=\u00bb{}\u00bb][\/et_pb_post_title][\/et_pb_column][\/et_pb_row][\/et_pb_section][et_pb_section fb_built=\u00bb1&#8243; _builder_version=\u00bb4.17.3&#8243; _module_preset=\u00bbdefault\u00bb global_colors_info=\u00bb{}\u00bb][et_pb_row _builder_version=\u00bb4.17.3&#8243; _module_preset=\u00bbdefault\u00bb global_colors_info=\u00bb{}\u00bb][et_pb_column type=\u00bb4_4&#8243; _builder_version=\u00bb4.17.3&#8243; _module_preset=\u00bbdefault\u00bb global_colors_info=\u00bb{}\u00bb][et_pb_text _builder_version=\u00bb4.17.3&#8243; _module_preset=\u00bbdefault\u00bb inline_fonts=\u00bbABeeZee\u00bb global_colors_info=\u00bb{}\u00bb]<div class=\"wpb_text_column wpb_content_element \">\n<div class=\"wpb_wrapper\">\n<p><span style=\"font-family: ABeeZee; font-weight: normal;\">Ofrezco formaciones, cursos y workshops, tanto a empresas como a organismos publicos. <\/span><\/p>\n<p><span style=\"font-family: ABeeZee; font-weight: normal;\">La formaci\u00f3n m\u00e1s reciente es <strong>\u00abEl quinteto de la Felicidad\u00bb. <\/strong><\/span><\/p>\n<p><span style=\"font-family: ABeeZee; font-weight: normal;\">\u00a0 \u00a0Otras formaciones:<\/span><\/p>\n<p><strong><span style=\"font-family: ABeeZee;\">&#8211; Relaciones Sanas y Aut\u00e9nticas.<\/span><\/strong><span style=\"font-family: ABeeZee; font-weight: normal;\"><\/span><\/p>\n<p><strong><span style=\"font-family: ABeeZee;\">&#8211; Emociones vs Sentimientos.<\/span><\/strong><\/p>\n<p><strong><span style=\"font-family: ABeeZee;\">&#8211; Eneagrama.<\/span><\/strong><\/p>\n<p><strong><span style=\"font-family: ABeeZee;\">&#8211; Gesti\u00f3n del estr\u00e9s y la ansiedad.<\/span><\/strong><\/p>\n<p><strong><span style=\"font-family: ABeeZee;\">&#8211; Mindfulness.<\/span><\/strong><\/p>\n<p><strong>&#8211; Psico-Educaci\u00f3n emocional.<span style=\"font-family: ABeeZee;\"><\/span><\/strong><\/p>\n<p><strong>&#8211; Alimentaci\u00f3n consciente.<\/strong><\/p>\n<p><strong><\/strong><\/p>\n<p><span style=\"font-family: ABeeZee; font-weight: normal;\"><\/span><\/p>\n<\/div>\n<\/div>\n<div class=\"vc_empty_space\"><span class=\"vc_empty_space_inner\"><\/span><\/div>\n<p><strong>Hago formaciones tambi\u00e9n personalizadas, presenciales y Online.<\/strong><\/p>\n<p><strong>Si deseas m\u00e1s informaci\u00f3n o solicitar un presupuesto, me puedes escribir a mi email: <a href=\"mailto:noemi@yumemusic.es\">noemi@yumemusic.es<\/a><\/strong><\/p>\n<p style=\"text-align: justify;\"><span style=\"font-family: ABeeZee; font-weight: normal;\"><\/span><\/p>[\/et_pb_text][\/et_pb_column][\/et_pb_row][\/et_pb_section]\n","protected":false},"excerpt":{"rendered":"<p>Ofrezco formaciones, cursos y workshops, tanto a empresas como a organismos publicos. La formaci\u00f3n m\u00e1s reciente es \u00abEl quinteto de la Felicidad\u00bb. \u00a0 \u00a0Otras formaciones: &#8211; Relaciones Sanas y Aut\u00e9nticas. &#8211; Emociones vs Sentimientos. &#8211; Eneagrama. &#8211; Gesti\u00f3n del estr\u00e9s y la ansiedad. &#8211; Mindfulness. &#8211; Psico-Educaci\u00f3n emocional. &#8211; Alimentaci\u00f3n consciente. Hago formaciones tambi\u00e9n personalizadas, [&hellip;]<\/p>\n","protected":false},"author":1,"featured_media":0,"parent":0,"menu_order":0,"comment_status":"closed","ping_status":"closed","template":"","meta":{"_et_pb_use_builder":"on","_et_pb_old_content":"","_et_gb_content_width":"","footnotes":""},"class_list":["post-238","page","type-page","status-publish","hentry"],"_links":{"self":[{"href":"https:\/\/noemiprimo.com\/index.php\/wp-json\/wp\/v2\/pages\/238","targetHints":{"allow":["GET"]}}],"collection":[{"href":"https:\/\/noemiprimo.com\/index.php\/wp-json\/wp\/v2\/pages"}],"about":[{"href":"https:\/\/noemiprimo.com\/index.php\/wp-json\/wp\/v2\/types\/page"}],"author":[{"embeddable":true,"href":"https:\/\/noemiprimo.com\/index.php\/wp-json\/wp\/v2\/users\/1"}],"replies":[{"embeddable":true,"href":"https:\/\/noemiprimo.com\/index.php\/wp-json\/wp\/v2\/comments?post=238"}],"version-history":[{"count":9,"href":"https:\/\/noemiprimo.com\/index.php\/wp-json\/wp\/v2\/pages\/238\/revisions"}],"predecessor-version":[{"id":597,"href":"https:\/\/noemiprimo.com\/index.php\/wp-json\/wp\/v2\/pages\/238\/revisions\/597"}],"wp:attachment":[{"href":"https:\/\/noemiprimo.com\/index.php\/wp-json\/wp\/v2\/media?parent=238"}],"curies":[{"name":"wp","href":"https:\/\/api.w.org\/{rel}","templated":true}]}}

[et_pb_section fb_built=»1&#8243; _builder_version=»4.17.3&#8243; _module_preset=»default» background_image=»https://noemiprimo.com/wp-content/uploads/2022/06/Formaciones.jpg» background_size=»custom» background_image_width=»17%» background_image_height=»91%» background_position=»center_right» background_horizontal_offset=»22%» custom_padding=»||54px|||» global_colors_info=»{}»][et_pb_row _builder_version=»4.17.3&#8243; _module_preset=»default» global_colors_info=»{}»][et_pb_column type=»4_4&#8243; _builder_version=»4.17.3&#8243; _module_preset=»default» global_colors_info=»{}»][et_pb_post_title meta=»off» featured_image=»off» _builder_version=»4.17.3&#8243; _module_preset=»default» title_font=»ABeeZee|700|||||||» title_font_size=»34px» global_colors_info=»{}»][/et_pb_post_title][/et_pb_column][/et_pb_row][/et_pb_section][et_pb_section fb_built=»1&#8243; _builder_version=»4.17.3&#8243; _module_preset=»default» global_colors_info=»{}»][et_pb_row _builder_version=»4.17.3&#8243; _module_preset=»default» global_colors_info=»{}»][et_pb_column type=»4_4&#8243; _builder_version=»4.17.3&#8243; _module_preset=»default» global_colors_info=»{}»][et_pb_text _builder_version=»4.17.3&#8243; _module_preset=»default» inline_fonts=»ABeeZee» global_colors_info=»{}»]<div class="wpb_text_column wpb_content_element ">
<div class="wpb_wrapper">
<p><span style="font-family: ABeeZee; font-weight: normal;">Ofrezco formaciones, cursos y workshops, tanto a empresas como a organismos publicos. </span></p>
<p><span style="font-family: ABeeZee; font-weight: normal;">La formación más reciente es <strong>«El quinteto de la Felicidad». </strong></span></p>
<p><span style="font-family: ABeeZee; font-weight: normal;">   Otras formaciones:</span></p>
<p><strong><span style="font-family: ABeeZee;">&#8211; Relaciones Sanas y Auténticas.</span></strong><span style="font-family: ABeeZee; font-weight: normal;"></span></p>
<p><strong><span style="font-family: ABeeZee;">&#8211; Emociones vs Sentimientos.</span></strong></p>
<p><strong><span style="font-family: ABeeZee;">&#8211; Eneagrama.</span></strong></p>
<p><strong><span style="font-family: ABeeZee;">&#8211; Gestión del estrés y la ansiedad.</span></strong></p>
<p><strong><span style="font-family: ABeeZee;">&#8211; Mindfulness.</span></strong></p>
<p><strong>&#8211; Psico-Educación emocional.<span style="font-family: ABeeZee;"></span></strong></p>
<p><strong>&#8211; Alimentación consciente.</strong></p>
<p><strong></strong></p>
<p><span style="font-family: ABeeZee; font-weight: normal;"></span></p>
</div>
</div>
<div class="vc_empty_space"><span class="vc_empty_space_inner"></span></div>
<p><strong>Hago formaciones también personalizadas, presenciales y Online.</strong></p>
<p><strong>Si deseas más información o solicitar un presupuesto, me puedes escribir a mi email: <a href="mailto:noemi@yumemusic.es">noemi@yumemusic.es</a></strong></p>
<p style="text-align: justify;"><span style="font-family: ABeeZee; font-weight: normal;"></span></p>[/et_pb_text][/et_pb_column][/et_pb_row][/et_pb_section]

<p>Ofrezco formaciones, cursos y workshops, tanto a empresas como a organismos publicos. La formación más reciente es «El quinteto de la Felicidad».    Otras formaciones: &#8211; Relaciones Sanas y Auténticas. &#8211; Emociones vs Sentimientos. &#8211; Eneagrama. &#8211; Gestión del estrés y la ansiedad. &#8211; Mindfulness. &#8211; Psico-Educación emocional. &#8211; Alimentación consciente. Hago formaciones también personalizadas, [&hellip;]</p>
